me factors of 119771.
119771
List the prime factors of 12394.
2, 6197
What are the prime factors of 1347?
3, 449
List the prime factors of 8034.
2, 3, 13, 103
What are the prime factors of 94?
2, 47
What are the prime factors of 53385?
3, 5, 3559
What are the prime factors of 1017?
3, 113
What are the prime factors of 8276?
2, 2069
What are the prime factors of 15751?
19, 829
List the prime factors of 1577.
19, 83
What are the prime factors of 1832?
2, 229
What are the prime factors of 9116?
2, 43, 53
List the prime factors of 6608.
2, 7, 59
What are the prime factors of 11348?
2, 2837
What are the prime factors of 19?
19
What are the prime factors of 8597?
8597
What are the prime factors of 1734?
2, 3, 17
List the prime factors of 1250.
2, 5
What are the prime factors of 17151?
3, 5717
What are the prime factors of 3837?
3, 1279
List the prime factors of 2503.
2503
What are the prime factors of 627?
3, 11, 19
List the prime factors of 1089.
3, 11
What are the prime factors of 5011?
5011
List the prime factors of 5187.
3, 7, 13, 19
What are the prime factors of 4804?
2, 1201
What are the prime factors of 47136?
2, 3, 491
List the prime factors of 3814.
2, 1907
What are the prime factors of 27?
3
List the prime factors of 20678.
2, 7, 211
List the prime factors of 79584.
2, 3, 829
What are the prime factors of 34555?
5, 6911
List the prime factors of 7176.
2, 3, 13, 23
List the prime factors of 2072.
2, 7, 37
What are the prime factors of 800?
2, 5
List the prime factors of 27447.
3, 7, 1307
What are the prime factors of 411?
3, 137
What are the prime factors of 43475?
5, 37, 47
List the prime factors of 111114.
2, 3, 6173
What are the prime factors of 3620?
2, 5, 181
List the prime factors of 4007.
4007
What are the prime factors of 7673?
7673
List the prime factors of 64130.
2, 5, 11, 53
What are the prime factors of 49246?
2, 24623
What are the prime factors of 368?
2, 23
List the prime factors of 1605.
3, 5, 107
What are the prime factors of 21019?
21019
What are the prime factors of 5024?
2, 157
What are the prime factors of 418?
2, 11, 19
What are the prime factors of 108649?
108649
List the prime factors of 11551.
11551
What are the prime factors of 3137?
3137
What are the prime factors of 46151?
7, 19, 347
What are the prime factors of 88801?
88801
List the prime factors of 15997.
17, 941
What are the prime factors of 2420?
2, 5, 11
What are the prime factors of 12004?
2, 3001
What are the prime factors of 1495?
5, 13, 23
What are the prime factors of 5604?
2, 3, 467
What are the prime factors of 81843?
3, 27281
What are the prime factors of 45358?
2, 22679
List the prime factors of 13970.
2, 5, 11, 127
List the prime factors of 1341.
3, 149
What are the prime factors of 1731?
3, 577
What are the prime factors of 6182?
2, 11, 281
List the prime factors of 15524.
2, 3881
What are the prime factors of 1690?
2, 5, 13
List the prime factors of 1897.
7, 271
What are the prime factors of 5666?
2, 2833
What are the prime factors of 49?
7
List the prime factors of 1080.
2, 3, 5
What are the prime factors of 3994?
2, 1997
List the prime factors of 60852.
2, 3, 11, 461
What are the prime factors of 12148?
2, 3037
What are the prime factors of 4731?
3, 19, 83
What are the prime factors of 5670?
2, 3, 5, 7
What are the prime factors of 401?
401
List the prime factors of 61702.
2, 30851
What are the prime factors of 1382?
2, 691
List the prime factors of 286.
2, 11, 13
List the prime factors of 5031.
3, 13, 43
What are the prime factors of 919?
919
What are the prime factors of 10969?
7, 1567
What are the prime factors of 488?
2, 61
What are the prime factors of 251?
251
List the prime factors of 8588.
2, 19, 113
List the prime factors of 951.
3, 317
List the prime factors of 962.
2, 13, 37
List the prime factors of 1829.
31, 59
List the prime factors of 124154.
2, 23, 2699
What are the prime factors of 789?
3, 263
List the prime factors of 5294.
2, 2647
List the prime factors of 58.
2, 29
List the prime factors of 47.
47
List the prime factors of 428.
2, 107
What are the prime factors of 1813?
7, 37
What are the prime factors of 73097?
67, 1091
List the prime factors of 2380.
2, 5, 7, 17
What are the prime factors of 176199?
3, 58733
List the prime factors of 10066.
2, 7, 719
List the prime factors of 8410.
2, 5, 29
What are the prime factors of 1903?
11, 173
List the prime factors of 2746.
2, 1373
What are the prime factors of 946?
2, 11, 43
What are the prime factors of 3812?
2, 953
List the prime factors of 14748.
2, 3, 1229
List the prime factors of 134456.
2, 7
List the prime factors of 1430.
2, 5, 11, 13
List the prime factors of 2035.
5, 11, 37
List the prime factors of 107685.
3, 5, 2393
List the prime factors of 25897.
19, 29, 47
What are the prime factors of 105538?
2, 52769
What are the prime factors of 4600?
2, 5, 23
List the prime factors of 676.
2, 13
List the prime factors of 63014.
2, 7, 643
What are the prime factors of 8067?
3, 2689
List the prime factors of 1673.
7, 239
What are the prime factors of 30229?
19, 37, 43
What are the prime factors of 1188?
2, 3, 11
What are the prime factors of 1876?
2, 7, 67
What are the prime factors of 1139?
17, 67
List the prime factors of 1480.
2, 5, 37
List the prime factors of 18845.
5, 3769
List the prime factors of 2086.
2, 7, 149
What are the prime factors of 17270?
2, 5, 11, 157
List the prime factors of 830.
2, 5, 83
List the prime factors of 546.
2, 3, 7, 13
What are the prime factors of 118363?
7, 37, 457
What are the prime factors of 1674?
2, 3, 31
What are the prime factors of 1155?
3, 5, 7, 11
List the prime factors of 1692.
2, 3, 47
What are the prime factors of 7241?
13, 557
What are the prime factors of 189796?
2, 23, 2063
What are the prime factors of 5484?
2, 3, 457
What are the prime factors of 19300?
2, 5, 193
What are the prime factors of 2535?
3, 5, 13
List the prime factors of 90.
2, 3, 5
List the prime factors of 2840.
2, 5, 71
What are the prime factors of 10650?
2, 3, 5, 71
List the prime factors of 638.
2, 11, 29
What are the prime factors of 707?
7, 101
List the prime factors of 10543.
13, 811
List the prime factors of 35967.
3, 19, 631
What are the prime factors of 7898?
2, 11, 359
What are the prime factors of 50449?
7, 7207
What are the prime factors of 1693?
1693
What are the prime factors of 801?
3, 89
List the prime factors of 5105.
5, 1021
List the prime factors of 17737.
17737
List the prime factors of 267.
3, 89
What are the prime factors of 15386?
2, 7, 157
List the prime factors of 25004.
2, 7, 19, 47
What are the prime factors of 134?
2, 67
List the prime factors of 1750.
2, 5, 7
List the prime factors of 6245.
5, 1249
What are the prime factors of 86282?
2, 7, 6163
What are the prime factors of 5706?
2, 3, 317
List the prime factors of 60.
2, 3, 5
List the prime factors of 28717.
13, 47
What are the prime factors of 29210?
2, 5, 23, 127
What are the prime factors of 19969?
19, 1051
What are the prime factors of 2350?
2, 5, 47
What are the prime factors of 19569?
3, 11, 593
List the prime factors of 15700.
2, 5, 157
What are the prime factors of 28008?
2, 3, 389
List the prime factors of 10518.
2, 3, 1753
What are the prime factors of 382?
2, 191
What are the prime factors of 10291?
41, 251
What are the prime factors of 2037?
3, 7, 97
What are the prime factors of 1717?
17, 101
List the prime factors of 5216.
2, 163
What are the prime factors of 47849?
59, 811
List the prime factors of 32504.
2, 17, 239
List the prime factors of 84532.
2, 7, 3019
What are the prime factors of 954?
2, 3, 53
List the prime factors of 566.
2, 283
What are the prime factors of 12049?
12049
What are the prime factors of 15228?
2, 3, 47
What are the prime factors of 6022?
2, 3011
What are the prime factors of 106506?
2, 3, 61, 97
List the prime factors of 131847.
3, 71, 619
List the prime factors of 103562.
2, 53, 977
What are the prime factors of 2819?
2819
List the prime factors of 169.
13
What are the prime factors of 45397?
11, 4127
List the prime factors of 998.
2, 499
What are the prime factors of 8851?
53, 167
What are the prime factors of 5277?
3, 1759
List the prime factors of 28195.
5, 5639
List the prime factors of 1315.
5, 263
List the prime factors of 58270.
2, 